 - 2*h. What is the units digit of i?
9
Let o(g) = 2*g**3 + 3*g**2 + 4*g + 2. Let n be o(-3). Let s = n - -54. What is the tens digit of s?
1
Let x = -21 - -66. Let g = -30 + x. What is the tens digit of g?
1
Let o(c) = -c**2 + 7*c - 3. Let l = -7 - -5. Let d be (-1 - 0)/(l/10). What is the units digit of o(d)?
7
Let h(a) = -3*a + 7. What is the tens digit of h(-5)?
2
What is the tens digit of (-151 - -9)/((-4)/2)?
7
Let d be 48/18*(23 + -2). What is the tens digit of (-109)/(-4) + 42/d?
2
Suppose -5*p + x - 12 = 0, -2*p + 2*x = 1 + 7. Let i = -4 - p. What is the units digit of (-2)/(i/8*1)?
8
Suppose k = -3*o + 5*k + 627, -4*o + 4*k = -836. What is the units digit of o?
9
Let z be ((-4)/10)/(4/180). What is the units digit of 12/54 + (-122)/z?
7
Let h = 41 + 6. What is the units digit of h?
7
Let i(y) = -y**3 + 10*y**2 + 2*y - 3. Let s = 26 + -16. What is the tens digit of i(s)?
1
Let x be 27/3 + (-3)/(-1). Suppose 0*j - 3*j = -x. Suppose -w - 3 = -j*w. What is the units digit of w?
1
Suppose -3*j + 1 = 4. What is the units digit of ((-4)/2 + -5)*j?
7
Suppose 4*q - 8*q = -32. Let j(o) = 3*o - 5. What is the tens digit of j(q)?
1
What is the units digit of (-6)/8 - 210/(-24)?
8
Suppose 0 = g - 23 - 1. Suppose -2*i = -4*a - a - g, -a - 4 = 0. Suppose -20 = -i*x - 2*x. What is the units digit of x?
5
Let b(k) = -8*k**3 + k + 4. Let z be b(-2). Let q = z - 29. What is the units digit of q?
7
What is the units digit of 941/4 - (-20)/(-80)?
5
What is the tens digit of (((-84)/(-9))/(-4))/((-7)/63)?
2
Let f(v) = v**2. Let m be f(2). Suppose 2*i + m*w = -w + 31, 3*w - 9 = 2*i. What is the units digit of 10/(0 + 2/i)?
5
Let u be (2 - -31) + (-6)/3. Let k = u - 13. What is the units digit of k?
8
Suppose -3*g + 4 + 2 = 0. Suppose -4*y + 32 = -g*j, 0 = -2*y - 0*y - 5*j + 4. Suppose -3*q - 48 = -y*q + 4*d, 4*q - 2*d - 38 = 0. What is the units digit of q?
7
Let t(y) = y**3 + 20*y**2 - 30*y + 24. What is the units digit of t(-21)?
3
Suppose -3*i = -s + 46, 3*s = 5*i + 195 - 69. Suppose 4*b + 13 = 4*w + s, -3*b + 4*w + 21 = 0. What is the units digit of b?
3
Let o(u) = -4*u**3 + u**2 - 3. Let d be o(3). Let q = 151 + d. What is the tens digit of q?
4
Let s(z) = -z - 5. Let m be s(-8). What is the tens digit of 96/9 + 1/m?
1
Let n be -1 + (8 - 3) - -1. Let y(z) = z**3 - 6*z**2 + 6*z + 3. What is the units digit of y(n)?
8
Let x = -88 + 184. What is the tens digit of x?
9
Let n(o) = -6*o - 1. Suppose -3 = 3*k - 0. What is the units digit of n(k)?
5
What is the tens digit of 592/12 + 6/9?
5
Let x = 2 + 8. Suppose 0 = -i + x + 13. What is the tens digit of i?
2
Suppose 4*z - 3*z = -17. Let g = -8 - z. What is the units digit of g?
9
Suppose 5*i + 5*x = 30, 4*x - 4 = -5*i + 25. Suppose -h - 3*r + 2 = -2*r, 0 = i*h + 3*r - 12. Suppose -2*v = -h*v + 6. What is the units digit of v?
6
Let g = 284 - -115. What is the units digit of g?
9
Let k = 159 + -54. What is the units digit of k?
5
Suppose -2*b = 3*b. Suppose b = -3*g + 33 + 21. What is the tens digit of g?
1
Suppose -2*z + 2 = -6. Suppose -z*t - p = 3 - 1, 0 = -3*t + 2*p + 4. What is the units digit of t - 1 - (-15 + 3)?
1
Let x = -11 + 15. Suppose 4 = 2*z - 4*k, -k + 5 = x*k. Suppose -3*v = -5*b - 18, -z*v - 2*b + 2 = -48. What is the tens digit of v?
1
Let p(d) = d**3 + 15*d**2 + 4*d + 11. What is the tens digit of p(-14)?
5
Let i(q) = -q**3 - 4*q**2 - q + 1. Let d be i(-3). Let v = 7 + d. Let g = v + 3. What is the units digit of g?
5
Suppose -5*v + 0*v + 5 = 0. Let u be (-1)/((-3)/6) + 8. Let p = u - v. What is the units digit of p?
9
Suppose -q + 2*z = -14, -3*q - z + 13 = -8. What is the units digit of q?
8
Let s(l) = l**3 + 10*l**2 + 9*l + 11. Let k be ((-13)/2)/(2/4). Let b = 4 + k. What is the tens digit of s(b)?
1
Let y = 9 + -1. Let b = y + -5. What is the units digit of 0 - 1/(b/(-15))?
5
Suppose 2*w = 254 + 14. What is the units digit of w?
4
Let o = -11 - -15. Suppose -2*u + 2*m = -16, -4*u - 2*m + o = -4. What is the units digit of u?
4
Let y(o) = o**2 + o - 3. Suppose -3*b - 29 = -5*s, -1 - 1 = 2*b + s. What is the units digit of y(b)?
3
Let o(z) = z**3 + 10*z**2 - 11*z + 12. What is the units digit of o(-11)?
2
Suppose 11*g - 528 = 297. What is the tens digit of g?
7
Let n(a) = a**3 - 4*a**2 - 4*a - 6. Let q be n(5). Let c = q - -1. Suppose 5*s - 10 = 2*f, s + 3*f - 2 + 0 = c. What is the units digit of s?
2
Let n be (-1554)/8 - 9/12. What is the units digit of n/(-27) + (-4)/18?
7
Suppose -v = 5*m - 44, 4*m - 11 - 22 = -3*v. Suppose -m = 3*p - 24. Suppose -2*q + 24 = -5*k, -p*q + 19 = -2*q + k. What is the units digit of q?
7
Suppose 0 = -2*r - 3*s + 2*s + 65, 2*r = s + 63. Suppose 0*n + 2*n - r = 0. What is the tens digit of n?
1
Suppose 0*p = q - p + 2, -5*q = p - 20. Let u be 2*(q - 18/4). What is the units digit of -4*10*u/12?
0
Let f(p) be the third derivative of p**6/120 - 7*p**5/60 - 3*p**4/8 - p**3/2 - 3*p**2. Let q be f(7). What is the units digit of (-8)/32 + q/(-8)?
8
Let n be (-1)/((-3 - -2)/(-4)). Let o be 187/44 + (-3)/n. Suppose -3 - 42 = -o*u. What is the units digit of u?
9
Suppose -3*n + 2*n = -3. Suppose -5*s - 4*a = -169, a + a + 119 = n*s. What is the units digit of s?
7
Suppose 0 = -4*w + 946 - 142. What is the hundreds digit of w?
2
Let r = 12 + -25. Let o = -5 - r. What is the units digit of o?
8
Suppose v + v + 4*s = 6, -v - 4*s - 5 = 0. What is the tens digit of v?
1
What is the tens digit of 5 + 102/(-18) + 436/6?
7
Suppose -2*g = 6, -4*q + 150 = -5*g + 3. What is the tens digit of q?
3
Let p(v) = v**2 - 4*v - 2. Let f be p(5). Let n(k) = -2*k - 14. Let z be n(-10). Suppose f*w = -0 + z. What is the units digit of w?
2
Let z = 22 + 10. What is the tens digit of z?
3
Let y(u) = u**2 + 4*u. Let z be y(-5). Suppose -6*p + 11 = -z*p. What is the units digit of p?
1
What is the tens digit of 135/4 - (-3)/12?
3
Let q(f) = 7*f**2 + 2*f + 1. What is the units digit of q(-2)?
5
Let u(l) = 6*l. Let j be u(-2). Let z be 8 + j - 2*-1. What is the tens digit of z*(-3)/(-6) + 20?
1
Suppose -4*h + h + 30 = 0. Let w = h - 10. Let q = w - -1. What is the units digit of q?
1
Let j(w) be the third derivative of w**5/60 + w**4/3 - 2*w**3 + 3*w**2. What is the units digit of j(-10)?
8
Let r(b) = 22*b + 3. Let c(g) = -7*g - 1. Let w(n) = -8*c(n) - 3*r(n). What is the tens digit of w(-2)?
1
What is the tens digit of 1*(-9)/3 - -23?
2
Suppose -5*c = 2*p - 432, -2*p = 5*c + 3*p - 435. Suppose -f - g + c = f, -3*f - 4*g = -119. What is the tens digit of f?
4
Let s = 3 + 0. Let v = -2 + s. What is the units digit of (-2)/3*v*-3?
2
What is the tens digit of 51 - (-6 - -2 - -5)?
5
Let b = -44 - -355. What is the hundreds digit of b?
3
Let p(b) = -14*b**3 + 17*b**2 - 9*b - 23. Let c(l) = 5*l**3 - 6*l**2 + 3*l + 8. Let s(r) = -17*c(r) - 6*p(r). What is the units digit of s(-2)?
4
Let v(j) = -5*j - 9. What is the tens digit of v(-12)?
5
Suppose -2*f - d + 240 = -0*d, 0 = -5*f - 5*d + 605. What is the hundreds digit of f?
1
Suppose 2*q - 4*q + 4 = 0. Suppose -q*h + h = 0. Suppose h = b + y - 1, -3*y = -5*b + 2*b + 9. What is the units digit of b?
2
Suppose 402 = o - 2*l, 2*o - l + 4*l = 797. What is the tens digit of o?
0
Suppose 0*a = -4*a + 60. Suppose -l = a - 43. What is the tens digit of l?
2
Suppose 2*t - 43 - 53 = 0. Let r = t + -30. What is the tens digit of r?
1
Let z be 8/10*(-325)/(-10). Let g = z - 24. What is the units digit of g?
2
Let v = -120 + 130. Suppose 0 = -2*a - 10, -4*q - 3*a + 5 = -0*a. Suppose q*r = v + 20. What is the units digit of r?
6
Let j(b) = -76*b - 19. What is the hundreds digit of j(-3)?
2
Let i(k) = 13*k**2 - 3*k - 2. What is the units digit of i(-1)?
4
Suppose 4*j - 3*l + 2*l = 171, -j + 3*l + 51 = 0. What is the units digit of j?
2
Suppose 0 = 5*g + 4*h + 19, -4*g + 1 = 5*h + 18. Let r be (7/3 - 2)*g. Let q = 2 - r. What is the units digit of q?
3
Suppose 7*d = 9*d - 62. What is the tens digit of d?
3
Suppose 3*m + 51 = a - m, -m - 63 = -a. What is the units digit of a?
7
Suppose 3*o + 2*p - 14 = 0, 9*p - 15 = -5*o + 4*p. What is the units digit of o?
8
Suppose -18 = r - 2*z + 3, 0 = 4*z - 20. Let x = 2 - r. Let v = x + 0. What is the tens digit of v?
1
Let u be -1*2 - (-15)/3. Suppose u*n - 2*n = 3. Suppose 8 + n = y. What is the units digit of y?
1
Let 